lculate the highest common divisor of w and 1188.
27
Suppose -4*v = -4*g - 308, 301*g - 306*g = -2*v + 169. What is the greatest common divisor of v and 369?
9
Let z = -167 - -538. Let r be (-624)/(-48) + -2 + 3. Calculate the highest common divisor of z and r.
7
Let a be (-30)/8*(-160)/30. Suppose -6*y = -y + a. Let u be 847/28 - (-1)/y. What is the greatest common divisor of 10 and u?
10
Let t(k) = 2*k**2. Let r be t(-1). Suppose 0 = r*y - 4*v - 336, 5*v - v - 144 = -y. Let b be 80/6*4*(-18)/(-15). What is the highest common divisor of y and b?
32
Let p(c) = 125*c - 49. Let u be p(1). Let l = u + -63. Calculate the highest common divisor of l and 884.
13
Let k = -63 + 30. Let f = k - -33. Let w be (-1 - f)/(9/(-126)). What is the greatest common factor of 70 and w?
14
Suppose 0 = 338*p - 348*p + 1020. Calculate the highest common factor of p and 6222.
102
Let p = 38 + -34. Suppose 0 = -5*k + 10, k = 3*q - p - 0. Suppose -5*l = q*i - 244, 4*i - 4*l = -l + 462. Calculate the highest common divisor of 13 and i.
13
Suppose 197*g - 111*g - 38012 = 0. What is the greatest common divisor of 102 and g?
34
Suppose -47*p - 3904 = -6395. What is the highest common factor of p and 7?
1
Let g(i) = 3*i**2 - 6*i - 7. Let v be g(6). Let x(k) = -290*k - 27825. Let p be x(-96). What is the highest common divisor of v and p?
5
Suppose 2016 = 32*p - 11*p. Let x(i) = -2*i**2 + 8*i + 3. Let y be x(4). What is the highest common factor of p and y?
3
Let k = -11 - -58. Suppose -k = -4*d + 3*d - 5*w, 0 = 5*w - 15. What is the greatest common factor of d and 736?
32
Let o = 142 - 6. Suppose -26*t + 23*t + c = -124, -3*t + o = -4*c. Calculate the greatest common factor of t and 360.
40
Suppose -37*k = -245627 + 10751. What is the greatest common factor of k and 368?
92
Let d = 304 + -299. Let n(g) = 5*g - 3. Let l be n(7). Suppose 0 = 3*w - d*v - 48, -w = w - 3*v - l. What is the highest common divisor of 176 and w?
16
Let l be ((-20)/(-6))/(82/123). Suppose -2*f = 3*h - 908, -f = -7*h + l*h + 617. What is the highest common divisor of 34 and h?
34
Let p(y) = 248*y - 3223. Let a be p(13). Let n(m) = m**2 - 9*m + 12. Let t be n(8). Let h be 66/4 - 2/t. Calculate the greatest common factor of a and h.
1
Suppose 0 = -53*r + 11*r + 1050. Suppose 94 = 3*p - y, 2*p - 2*y - 40 = -7*y. What is the greatest common factor of p and r?
5
Suppose 5*v - 13810 = -5*p, v + 3*p - 4338 = -1582. What is the greatest common factor of v and 158?
79
Let t be ((-2)/(-4))/((-1)/(-22)). Let c be (-7452)/(-45) - (-4 + 92/20). What is the greatest common divisor of c and t?
11
Let h = -5204 - -5248. Calculate the greatest common divisor of 385 and h.
11
Let z = -7597 + 8164. What is the greatest common factor of z and 1953?
63
Let a = 4566 + -3530. What is the greatest common factor of 2220 and a?
148
Let x(t) = t**3 + 17*t**2 - 16*t - 20. Let v be x(-17). Let a be (-5)/1 - -3 - -38*1. What is the highest common divisor of v and a?
36
Let b(k) = -6*k**3 - 40*k**2 - 8*k + 40. Let p be b(-7). Calculate the greatest common divisor of p and 1649.
97
Let o = 41 - 39. Suppose -u = -o*u + 60. Suppose -5*i + 10 = c, -3*c - 27 = 3*i - 69. Calculate the greatest common divisor of u and c.
15
Suppose 4*p + 2*i = -p + 410, 0 = -5*i - 0*i. Calculate the greatest common divisor of 1107 and p.
41
Let b be 4/(-12) - (-8)/6. Suppose b = 13*v - 14*v. Let a be 3*v*(2 - (1 + 2)). What is the greatest common factor of a and 3?
3
Let m(u) = -20*u**2 - 9*u + 104. Let j(x) = 11*x**2 + 5*x - 53. Let d(w) = -7*j(w) - 4*m(w). Let c be d(8). Calculate the highest common factor of 93 and c.
31
Suppose 50*f = 48*f. Let n = f - -336. What is the highest common factor of n and 16?
16
Suppose 950 - 13046 = -14*i. Calculate the highest common divisor of i and 378.
54
Let m(w) = 24*w - 328. Let v(d) = -16*d + 218. Let o(b) = -5*m(b) - 8*v(b). Let u be o(21). What is the highest common factor of u and 16?
16
Let t(n) be the first derivative of 2*n**3 - n**2 + 3*n - 83. Let x be t(2). Calculate the greatest common factor of 115 and x.
23
Suppose -4*p + 5*k - 140 = 0, -26 = p - 4*k + 5*k. Let r be (3 - p) + (-4 - -3). What is the highest common factor of r and 240?
16
Let o(n) = 70*n**2 - 632*n - 5041. Let r be o(-8). Calculate the highest common factor of 775 and r.
155
Let t(g) = -g**2 + 28*g + 282. Let s be t(0). What is the highest common divisor of s and 3525?
141
Let n = -9529 + 9562. Calculate the greatest common divisor of 5973 and n.
33
Suppose 0 = -21*j + 22*j + 8. Let n be (5/3)/(j/(-648)). Calculate the highest common divisor of 15 and n.
15
Let v(m) = 8713*m**2 - 42*m + 1. Let c be v(-1). Calculate the greatest common divisor of 44 and c.
44
Let m be (-4044)/24 - (-1)/2. Let o = -159 - m. Calculate the highest common factor of 99 and o.
9
Suppose -5*o = -2*i - 10 - 49, 5*i - 54 = -3*o. Let n(z) = 29 - z + 52 - 4*z + z. Let c be n(4). Calculate the greatest common factor of c and o.
13
Let s(i) = 12*i**2 - i + 8. Let k be s(-3). Let g = k + -64. Let f = 33 + -22. What is the greatest common factor of g and f?
11
Let k(o) = 2*o**2 - 74*o + 484. Let w be k(29). What is the greatest common factor of 7290 and w?
10
Let q be (-1)/2*(-5774 - -4) - 3. What is the highest common factor of q and 22?
22
Let c be 16/20 + 9*28/60. Suppose -c*d - 128 = 3*a, 49 = -2*d - 4*a - 5. Let y be 65/d - -3 - 178/(-5). What is the highest common divisor of 288 and y?
36
Suppose 0 = -3*d - v + 54615, -6*d - v = -4*d - 36408. What is the highest common factor of 63 and d?
63
Let r be 105 + 4*5/(-80)*-4. Suppose 90*b + 11696 = r*b. What is the greatest common divisor of b and 34?
17
Let p(h) = -27*h + 18. Let a(t) = t - 8. Let f be a(0). Let q be p(f). Let s(d) = d**3 - d + 39. Let w be s(0). Calculate the highest common divisor of w and q.
39
Suppose 22*d = -20 + 108. Suppose -4*g = -d*x - 140, -4*x - 12 = -x. Calculate the greatest common factor of g and 527.
31
Suppose 2000 + 1476 = 72*j - 3724. Calculate the greatest common factor of 2050 and j.
50
Let p(a) be the first derivative of -2*a**4 - 5*a**3/3 + 9*a + 36. Let d be p(-3). Calculate the greatest common divisor of 20 and d.
20
Suppose 2*u + 414 = d, 2*u + 2095 = 5*d - 3*u. Suppose 17*l - d = 25*l. Let v = l + 75. What is the greatest common divisor of 11 and v?
11
Let m(s) = 12*s**3 + 39*s**2 - 104*s - 15. Let c be m(3). Calculate the greatest common divisor of 1450 and c.
58
Let f be 1/(-4) - (-170)/8. Let i be (6 - 4) + (-12)/6 + -6 + 13. What is the highest common divisor of f and i?
7
Let n(m) be the first derivative of 4*m**3/3 + 5*m**2 + 18*m + 26. Let y be n(-4). Calculate the greatest common divisor of y and 231.
21
Suppose a - 4*r - 61 = 0, -9*a + 8*a = -r - 49. Let l be (3 - (-325)/a) + (-8)/36. What is the highest common divisor of 35 and l?
5
Suppose 22 = 4*l - 22. Let f(j) = 9*j - l*j + 5*j + 15 + 3. Let a be f(6). What is the highest common divisor of a and 9?
9
Let x = 53 + -51. Suppose -6*j = -x*j + 4*y - 116, 2*y = 4*j - 110. Calculate the highest common divisor of 14 and j.
14
Suppose 89*g + 316*g - 120209 - 3721 = 0. Let k be (0 - (2 - 37)) + 1. What is the greatest common factor of g and k?
18
Suppose 3*k - 4*b = 126, 38*b - 126 = -3*k + 40*b. Suppose 13*y = 11*y + 140. Calculate the highest common factor of k and y.
14
Let t(m) = 3*m**2 - 5*m + 3. Let a be t(3). Suppose 166 = -4*l + 646. Calculate the highest common divisor of l and a.
15
Suppose -12*k + 533 = k. Let l(h) = 51*h + 42. Let u be l(4). Calculate the greatest common factor of k and u.
41
Let j be 12*5*3*(-112)/120. Let f be ((-6)/4)/(9/j). Calculate the greatest common factor of 16 and f.
4
Suppose s - 6*s + 54 = 2*v, 4*v - s = 108. Let z be 2*5/(30/21). Suppose 740 + 205 = z*n. Calculate the greatest common factor of n and v.
27
Suppose 13110 = 5*h + 106*r - 102*r, h + 4*r = 2606. What is the greatest common divisor of h and 338?
26
Let j be 51/(13 + (-13538)/1043). Calculate the greatest common divisor of j and 85.
17
Let m = 476 + -114. Let k = m + -346. Calculate the highest common divisor of k and 112.
16
Let w = -4810 - -5473. What is the highest common divisor of 702 and w?
39
Suppose 2*m + 8 = r, 7*r = 5*r + m + 4. Suppose -20 = -6*b + 5*b - 3*y, r = -5*y + 15. What is the highest common di